c(h) = h**3 - 8*h**2 + 42*h + 403. Calculate c(-7).
-626
Let c(o) = -3*o**2 + 429*o - 1983. Calculate c(138).
87
Let d(t) = -3*t**2 - 54*t + 131. Give d(-23).
-214
Let h(y) = y**3 - 12*y**2 - 13*y + 239. What is h(15)?
719
Let s(y) = -10109*y - 222391. Determine s(-22).
7
Let k(v) = 2360*v - 2098. What is k(1)?
262
Let n(l) = l**3 + 19*l**2 + 39*l + 3459. What is n(-24)?
-357
Let q(m) = 98*m**2 - 8657*m - 5779. Calculate q(89).
6
Let h(l) = 34461*l**2 - 10613989*l + 306. Give h(308).
-2
Let f(w) = -3*w**3 - 193*w**2 - 1195*w - 72316. Determine f(-64).
68
Let g(u) = 12187*u + 1023687. Calculate g(-84).
-21
Let a(o) = 8*o**2 - 10*o - 74. Determine a(-7).
388
Let j(b) = -b**3 - 99*b**2 - 41*b + 5555. Determine j(-98).
-31
Let t(u) = -2*u**3 - 1931*u**2 - 7606*u + 332. What is t(-4)?
-12
Let w(s) = 111601*s + 1004415. What is w(-9)?
6
Let y(k) = -6*k**3 - 66*k**2 + 199. What is y(-11)?
199
Let x(v) = 64*v**2 - 79*v + 10. What is x(7)?
2593
Let a(g) = -3784*g + 185413. What is a(49)?
-3
Let q(g) = g**2 - 52813*g - 316897. Give q(-6).
17
Let v(u) = -2256417*u - 4512834. Give v(-2).
0
Let h(m) = -3*m**2 + 4855*m + 29258. Calculate h(-6).
20
Let r(n) = 6*n**2 - 199*n - 481. Determine r(43).
2056
Let h(o) = 2*o**3 + 14*o**2 + 25*o + 14. What is h(-3)?
11
Let z(l) = 12597*l**2 + 12622*l + 6. What is z(-1)?
-19
Let l(c) = -490*c**2 + 1516*c - 142. Calculate l(3).
-4
Let u(s) = -28*s**2 + 3635*s + 434. What is u(130)?
-216
Let o(f) = 2*f**3 - 87*f**2 + 395*f - 11299. Calculate o(42).
-1
Let i(a) = 69613*a + 626514. Give i(-9).
-3
Let j(c) = -244*c**3 + c**2 - 11*c - 13. What is j(-1)?
243
Let k(z) = 5*z**2 + 380*z - 126. Calculate k(0).
-126
Let c(q) = -134171*q - 72989027. Calculate c(-544).
-3
Let f(k) = 1072*k - 54493. Calculate f(51).
179
Let g(a) = a**2 - 164*a - 8468. Determine g(206).
184
Let u(k) = 955*k + 12415. What is u(-13)?
0
Let x(i) = i**3 + 8*i**2 - 101*i - 857. What is x(-8)?
-49
Let s(z) = 5*z**3 - 350*z**2 + 4830*z + 300. Determine s(19).
15
Let r(z) = -19796*z + 288. Give r(0).
288
Let g(f) = -f**3 + 51*f**2 - 91*f + 850. What is g(49)?
1193
Let x(d) = d**3 + 139*d**2 - 8507*d + 22. What is x(46)?
160
Let s(k) = 3*k**3 - 61*k**2 + 312*k + 104. Determine s(7).
328
Let c(r) = -233*r - 22104. Give c(-94).
-202
Let d(v) = -468433*v + 1405294. Give d(3).
-5
Let b(f) = 2*f**3 + 1622*f**2 - 8157*f - 12. Determine b(5).
3
Let q(t) = -t**3 + 29*t**2 - 43*t - 61. What is q(24)?
1787
Let z(o) = -663*o - 156454. Calculate z(-236).
14
Let v(u) = u**3 - 132*u**2 - 923*u + 32594. What is v(137)?
-12
Let n(w) = 6*w**2 - 848*w - 156. Calculate n(140).
-1276
Let w(o) = -o**3 + 4*o**2 + 59*o + 134. What is w(-4)?
26
Let p(r) = 4*r**3 - 69*r**2 - 216*r + 3848. What is p(17)?
-113
Let f(v) = v**2 - 5656*v + 128555. Calculate f(23).
-1004
Let j(n) = 5312*n - 9186. Calculate j(2).
1438
Let y(j) = 4*j**3 - 46*j**2 + 55*j - 3. Calculate y(10).
-53
Let c(r) = r**2 + 145*r + 2686. What is c(-29)?
-678
Let u(v) = v**2 - 149*v + 4830. Determine u(56).
-378
Let i(m) = -63160*m + 568448. Give i(9).
8
Let a(w) = 2*w**3 + 449*w**2 + 193*w - 6943. Calculate a(-224).
1
Let j(x) = -131*x - 14726. What is j(-115)?
339
Let a(q) = -1216*q - 3935. Calculate a(-3).
-287
Let g(f) = -24639*f + 1946484. What is g(79)?
3
Let r(l) = 114*l**2 + 298*l - 37. Determine r(-2).
-177
Let w(b) = -7786*b + 397073. Determine w(51).
-13
Let d(b) = 895*b + 1061. What is d(-2)?
-729
Let v(a) = -187357*a - 5433358. Give v(-29).
-5
Let i(h) = 3*h**3 - 177*h**2 - 17*h + 942. What is i(59)?
-61
Let w(q) = 602*q + 6618. Determine w(-15).
-2412
Let u(i) = i**2 + 29257*i - 966532. Give u(33).
38
Let p(v) = v**3 + 41*v**2 + 23*v + 3233. Give p(-42).
503
Let d(z) = 49*z**2 + 12083*z - 1028. Determine d(-247).
3912
Let t(u) = -14997*u - 156. What is t(0)?
-156
Let i(h) = -2*h**2 + 9572*h + 366613. What is i(-38)?
-11
Let i(b) = -26*b**2 - 361*b - 408. Determine i(-11).
417
Let t(s) = 3*s**3 - 81*s**2 + 1272*s - 10986. What is t(15)?
-6
Let i(x) = -316*x**2 + 28431*x + 780. Determine i(90).
-30
Let w(m) = 7630*m + 45752. What is w(-6)?
-28
Let c(n) = 138*n - 25680. Give c(185).
-150
Let v(a) = a**3 - 92*a**2 - 1581*a + 114923. Calculate v(96).
11
Let j(f) = -43*f**2 + 878*f - 2255. Give j(3).
-8
Let d(u) = 943*u + 433989. Determine d(-460).
209
Let p(l) = 2602*l - 1394. Determine p(1).
1208
Let h(c) = c**3 + 234*c**2 - 1384*c + 13229. Determine h(-240).
-211
Let w(m) = -6*m**3 + 35*m**2 - 212*m + 1310. Calculate w(6).
2
Let w(h) = 12*h**3 - 117*h**2 - 2609*h + 26882. Calculate w(11).
-2
Let d(m) = -4*m**2 - 4497*m - 40468. What is d(-9)?
-319
Let j(g) = -3014*g + 3869. Calculate j(1).
855
Let k(s) = 3809*s + 34051. Give k(-9).
-230
Let d(b) = -115*b**2 - 87759*b - 10674. What is d(-763)?
8
Let c(y) = -6*y**2 - 3765*y + 15157. Calculate c(4).
1
Let k(x) = -157*x**2 - 2047*x - 93. Calculate k(-13).
-15
Let r(u) = -2757383*u - 121324849. Give r(-44).
3
Let h(j) = j**3 - 905*j**2 + 12368*j + 1491. Calculate h(14).
7
Let w(x) = -x**3 - 70*x**2 + 910*x + 881. Determine w(12).
-7
Let c(m) = -22696*m**2 - 22682*m + 6. What is c(-1)?
-8
Let f(u) = 5*u**3 + 314*u**2 - 69*u - 655. Give f(-63).
-277
Let c(w) = 10*w**3 + 39*w**2 - 1346*w - 5399. Determine c(-4).
-31
Let m(g) = 221*g**2 + 7317*g + 474. Give m(-33).
-318
Let q(u) = u**2 + 126*u - 5628. Give q(-161).
7
Let m(c) = 248586*c - 497353. Determine m(2).
-181
Let c(k) = -k**3 - 818*k**2 + 1642*k + 1637. Determine c(-820).
-3
Let u(o) = 65*o**2 + 5657*o + 158. Calculate u(-87).
-16
Let k(p) = 487*p**2 - 55*p - 58. What is k(-2)?
2000
Let j(w) = 5*w**3 + 7*w**2 - 65*w - 115. Give j(-6).
-553
Let x(p) = 2868*p - 154871. Calculate x(54).
1
Let s(n) = -20*n**3 - n**2 - 1679*n - 6739. What is s(-4)?
1241
Let s(c) = -4200*c - 16887. Determine s(-4).
-87
Let j(l) = 3*l**3 + 8*l**2 - 23*l + 115. Determine j(-7).
-361
Let g(x) = x**2 - x - 107274. Calculate g(328).
-18
Let l(p) = -2692*p + 21543. Give l(8).
7
Let i(u) = 91*u**3 + 1453*u**2 - 43*u + 122. Calculate i(-16).
42
Let b(j) = 4*j**2 - 8481*j + 25413. Determine b(3).
6
Let m(k) = -84*k + 11777. Determine m(141).
-67
Let r(q) = 13*q**3 + 123*q**2 + 38*q + 93. Calculate r(-10).
-987
Let g(m) = -1162*m + 10. What is g(0)?
10
Let v(t) = t**3 - 302*t**2 - 1544*t + 284543. Determine v(304).
-1
Let z(b) = 178*b**2 - 6241*b + 393. Determine z(35).
8
Let l(r) = -8*r**3 - 22*r**2 + 127*r - 143. Give l(8).
-4631
Let z(y) = 3812*y + 3782. Determine z(-1).
-30
Let b(w) = 414*w**2 + 2052*w - 88. Determine b(-5).
2
Let j(h) = -81322*h - 975860. What is j(-12)?
4
Let n(b) = 3080*b - 12001. Determine n(4).
319
Let y(v) = 1460*v - 14374. Give y(10).
226
Let c(g) = 272203*g + 20687422. Determine c(-76).
-6
Let u(l) = -6*l**3 + 4*l**2 + 14*l + 5. Determine u(-4).
397
Let h(z) = 15950*z - 303035. Give h(19).
15
Let p(o) = 2*o**3 + 28*o**2 + 1793*o - 3711. What is p(2)?
3
Let l(m) = 1175*m**3 + 2348*m**2 - 11*m - 15. Determine l(-2).
-1
Let m(x) = -2*x**2 - 123*x + 9043. Give m(43).
56
Let v(o) = -o**3 - 10*o**2 + 666*o + 395. Calculate v(-31).
-70
Let s(h) = -964*h - 660. Give s(0).
-660
Let i(t) = -t**2 - 13544*t + 870905. What is i(64)?
-7
Let t(s) = -4*s**2 - 2916*s + 388348. Calculate t(115).
108
Let b(m) = -488*m - 113718. Calculate b(-233).
-14
Let y(q) = -5*q**3 + 188*q**2 - 260*q + 29603. Determine y(40).
3
Let q(g) = -169*g**2 + 4478*g + 2281. What is q(27)?
-14
Let m(j) = 728*j - 30555. What is m(42)?
21
Let s(r) = 146*r + 1142. Give s(-17).
-1340
Let h(a) = 281*a + 17978. Determine h(-64).
-6
Let y(w) = 20014*w + 99997. Give y(-5).
-73
Let o(u) = -571*u + 1431. What is o(0)?
1431
Let k(s) = -6*s**2 + 57*s - 81. Give k(-9).
-1080
Let z(x) = 8006*x + 17. What is z(0)?
17
Let z(j) = -11687*j + 2115306. Determine z(181).
-41
Let x(q) = 959*q - 351736. Determine x(367).
217
Let u(k) = -2*k**3 + 56*k**2 + 1360*k - 7782. Give u(42).
-54
Let t(i) = 5178*i + 42421. Calculate t(-9).
-4181
Let v(p) = 14*p**2 - 62*p + 211. Determine v(3).
151
Let j(z) = -447*z + 17424. What is j(39)?
-9
Let l(p) = -2*p**2 + 2184*p - 584512. Calculate l(623).
-138
Let g(q) = -10272*q + 10313. Determine g(1).
41
Let k(w) = -4312*w + 126190. Determine k(29).
1142
Let s(v) = -24*v**3 - 25*v**2 - 100*v + 7. Give s(-4).
1543
Let m(k) = -k**3 + 108*k**